 Give l(r).
-12
Let b = 402 + -233. Let k = b + -164. Let c(f) = 6*f - 2. Calculate c(k).
28
Let t = -41 - -50. Let o(i) = -t*i - i**2 - 5 - 11*i + 13*i + 0*i**2. Let g be ((-10)/6)/(1/3). Determine o(g).
5
Suppose 2*q + 1 = -7, 0 = 5*p - 2*q - 28. Let l(z) = z**3 - 5*z**2 - 4*z + 2. Give l(p).
-30
Let s(k) be the first derivative of k**2/2 + 12*k - 249. What is s(-6)?
6
Let w(z) be the second derivative of z**4/12 + z**3 - z**2/2 + 23*z. Calculate w(-4).
-9
Let w(u) = 7*u**2 + 16*u + 15. Let z(q) = -9*q**2 - 18*q - 14. Let v(p) = -4*w(p) - 3*z(p). Determine v(-7).
3
Let m(q) be the third derivative of q**6/120 + q**5/15 - 7*q**4/24 - q**3/2 + 88*q**2. What is m(-5)?
7
Let a(h) = h - 5. Let r(y) = -y**3 - 3*y**2 + 3*y - 1. Let u be r(-4). Suppose 0 = -4*m + u*m - 5*j + 7, -3*j + 21 = 3*m. Give a(m).
2
Let r(t) = -t + 7. Let u be 15 + 33/(-11) + -3. Determine r(u).
-2
Let b(a) = a**3 + 2*a**2 - 3*a - 2. Suppose 4*x = -5*f + 7*x - 10, 0 = -3*x. Let u be b(f). Let s(m) = 2 + 1 + 2*m**2 - 7*m + 2. Give s(u).
9
Let p(h) be the third derivative of 5*h**4/8 + h**3/6 - 4*h**2 + 19. Determine p(1).
16
Let w(t) be the first derivative of -t**4/4 - 4*t**3 - 6*t**2 - 10*t + 26. Give w(-11).
1
Let q(m) = -5*m**3 - m. Let n = 91 + -64. Let z(i) = 2*i**2 + 8. Let r be z(3). Let y = n - r. Determine q(y).
-6
Let x(m) be the third derivative of 0 + 5/6*m**3 + 0*m**5 + 1/12*m**4 + 0*m - 1/360*m**6 - 4*m**2. Let h(z) be the first derivative of x(z). Determine h(-2).
-2
Let y(s) be the second derivative of -s**4/12 - 2*s**3/3 - s**2/2 - 14*s. What is y(-3)?
2
Let n(s) = -s + 2. Let g(b) = -6*b - 3. Let f be g(-2). Suppose t + f = 4*t. Let i be t + -1 + 1 - 9. Calculate n(i).
8
Let p(g) = -2*g + 3. Let k(z) = -4*z + 8. Let w(o) = 3*k(o) - 5*p(o). What is w(6)?
-3
Let p(a) = 2*a**2 - 3*a + 3. Let k be 6*((-170)/20)/(-17). What is p(k)?
12
Let w(d) be the second derivative of 0*d**2 + 1/8*d**4 + d**3 + 0 - 1/24*d**5 + 1/360*d**6 - 6*d. Let l(s) be the second derivative of w(s). Determine l(5).
3
Let y be -2*(2 + (-15)/(-6)). Let m = -6 - y. Let v(w) = -4*w**2 + m + 4*w**2 - 4*w**2 + 5*w**2. Calculate v(3).
12
Let p(b) = 3*b - 9. Let x be 7 + 1 + (1 - 3). Determine p(x).
9
Let z(y) = y**3 + y**2 + 4*y + 2. Let o(l) = 2*l**3 + 3*l**2 + 11*l + 5. Let k(a) = 2*o(a) - 5*z(a). What is k(-1)?
0
Suppose 0 = -3*g + 4*w + 19, 5*w + 8 = -4*g + 2*w. Let d = 9 + g. Suppose -d = 5*p - 3*p. Let x(s) = -s**2 - 7*s + 1. Calculate x(p).
11
Let o(y) = 7*y**3 - y**2 + 1. Let h(v) = 5*v - 8. Let d be h(2). Let l = 0 - 0. Suppose l = -2*s - 4 + d. Give o(s).
-7
Let s(b) = 10*b**2 - 3*b - 5. Let a(o) = -3*o**2 + o + 2. Let y(z) = -5*a(z) - 2*s(z). Determine y(-1).
-6
Suppose -7*n - 57 = -26*n. Let y(t) = 4*t - 3. Calculate y(n).
9
Let a(k) be the third derivative of k**4/6 + 2*k**3/3 - 15*k**2. Determine a(-3).
-8
Let s(w) be the first derivative of -w**3/3 - 2*w**2 - 430. What is s(-7)?
-21
Let d(s) = 7*s**2 + 9*s + 33. Let h(i) = 2*i**2 + 2*i + 4. Let p(w) = -d(w) + 4*h(w). Calculate p(0).
-17
Let f = 367 - 374. Let w(z) = -z**2 - 7*z - 3. What is w(f)?
-3
Let g(r) = -4*r**2 - 143*r + 28. Let c be g(-36). Let u(f) be the second derivative of -f**3/6 - 11*f**2/2 + f. Determine u(c).
-3
Let p(t) = -t**2 - 6*t + 2. Let f(a) = 99*a**3 + a**2 + a - 1. Let v be f(1). Let i = -107 + v. Determine p(i).
-5
Let w(k) = 4*k + 5*k**3 + k - 4*k. Suppose 34*n = 110*n - 76. Calculate w(n).
6
Let j(o) = -6*o**2. Let n be j(1). Let l(v) be the third derivative of v**5/60 + v**4/4 + v**3/2 - 176*v**2. What is l(n)?
3
Let w(c) = 6*c**2 + c. Let p(r) = 8*r**3 - r**2 + r - 1. Let y be p(1). Let z(a) = 3*a + 3*a - 5*a + y. Let g be z(-8). Give w(g).
5
Let y(f) = f**3 + 6*f**2 - 2*f - 6. Let i(j) be the second derivative of -3*j**5/10 + j**4/12 - j**3/3 + j**2/2 + 54*j. Let v be i(1). What is y(v)?
6
Let i(h) be the first derivative of 1/4*h**4 + 12 - 1/3*h**3 + 0*h**2 + 0*h. Calculate i(0).
0
Suppose -6*n + 10 = -n. Let y be ((-9)/n)/((-9)/(-12)). Let l(i) = -i**3 - 7*i**2 - 5*i + 4. What is l(y)?
-2
Let u = -2 + 4. Suppose 0*y - u = y. Let i(q) = q**3 + 5*q**2 + q + 1. Give i(y).
11
Let z(o) = 23 + 24 - 79 - 4*o + 31. Calculate z(-1).
3
Let o(h) = 2*h - 1. Let m(i) = -2*i + 2. Let t be m(-3). Let u(n) = -n**3 + 10*n**2 - 14*n - 8. Let p be u(t). Let r be (-12)/(-28) + p/14. Calculate o(r).
1
Let t(x) be the third derivative of 5*x**4/24 + x**3/3 - 92*x**2. Let i(g) = -22*g - 9. Let p(f) = 2*i(f) + 9*t(f). Let w = 0 - 3. Calculate p(w).
-3
Let y(s) = -8*s**2 + 62*s. Let z(k) = 7*k**2 - 60*k - 1. Let m(l) = 5*y(l) + 6*z(l). Give m(25).
-6
Let q(v) = v**3 + 2*v**2 + v - 1. Let y be q(-2). Suppose 9*s = 8*s + 4. Let c(l) = -8 + 11 - 4*l - s - 3*l**2. Calculate c(y).
-16
Let h(m) = -m + 1. Let q(n) = n**2 - 5*n - 16. Let g be q(8). Let t = g - 9. Let i(a) = 5*a - 3. Let k(r) = t*i(r) - 4*h(r). Calculate k(-5).
4
Let d(g) be the third derivative of g**5/60 - g**4/3 + 4*g**3/3 + 2*g**2 - 101. Give d(6).
-4
Let y(l) = -l**3 - l**2 - 3*l + 7. Let m be y(0). Let d(i) = 22 - 8 - m + i - 8. Let n(v) = -v**2 - 8*v - 7. Let j be n(-6). Give d(j).
4
Let n(g) = 8*g + 7*g + 2*g - 25*g + 2*g**2 + 14 - g**2. Calculate n(7).
7
Let q(c) be the first derivative of -4*c**3/3 + 15*c**2/2 - 3*c - 82. What is q(3)?
6
Let c be 1479/33 - (-10)/55. Suppose -2*i + c + 53 = 0. Let t(o) = -3*o**2 - i*o + 49*o. What is t(1)?
-3
Let a = 46 + -40. Let r(h) = -4 - 2 + a*h - 6*h + h. Let z = 6 + 1. Give r(z).
1
Let s(u) = 935*u - 5 + 28 - 939*u. Give s(4).
7
Let n(a) = 7*a + 22. Let b be (10 - 22) + 4 + (-3 - -5). Calculate n(b).
-20
Let t(z) be the first derivative of -z**4/4 + 13*z**3/3 - 11*z**2/2 - 6*z + 84. Give t(12).
6
Let g(z) = 11*z - 1. Let t(s) = -9*s - 1. Let m(a) = 5*g(a) + 6*t(a). Calculate m(-9).
-20
Let k(c) be the second derivative of -c**6/120 - c**5/60 - c**4/24 + c**3/3 + 21*c**2/2 - 23*c. Let h(b) be the first derivative of k(b). Calculate h(0).
2
Let s = 3/22 - -15/11. Let v(m) be the first derivative of -s*m**2 + 6*m + 2. What is v(4)?
-6
Let s(l) = -18*l**3 - 4*l**2 + 19*l**3 + 0*l - 3 - 3*l + 0. Determine s(5).
7
Let l(n) = n**3 - 5*n**2 - 13*n + 9. Let y(v) = -v. Let p(d) = 3*d - d**2 + 2 + 3*d**2 - 3*d**2 - 1. Let i be p(3). Let g(r) = i*l(r) - 5*y(r). Determine g(6).
-3
Let i = 906 + -906. Let h(u) = u**2 + u - 5. Calculate h(i).
-5
Let t(b) = 11*b**2 - 15*b + 37. Let v(l) = -5*l**2 + 7*l - 18. Let o(f) = -6*t(f) - 13*v(f). Suppose 33*d - 38*d = 0. Determine o(d).
12
Let j(g) be the first derivative of g**4/4 - g**3 + 2*g**2 + g - 1. Let v(s) = -3*s**2 + 4 - s**2 + 5*s**2 - 3. Let r(p) = -j(p) + 3*v(p). Determine r(5).
7
Let o(v) = -v**2 - 2. Let a be o(0). Let f be (2 + 1*-6)/a. Suppose 0 = -z - 2*h - 4, f*z + 4 = -z + 2*h. Let x(m) = m**2 - 1. Determine x(z).
3
Let h(o) = o**2 - 76*o - 2. Let y be h(0). Let g(k) = 14*k - 6. Give g(y).
-34
Suppose 11*x - 6*x = 10. Let q(t) = t**3 + 6*t**2 - x*t**2 - 4 + t**2 - 1 + 4*t. Suppose -3*g = -i + 2*g + 16, 2*g - 8 = 4*i. Calculate q(i).
-5
Let x = -22 + 12. Let i = 12 + x. Let o(l) = 0*l**i - 8*l + l**2 - 1 - 2*l**2. What is o(-7)?
6
Suppose 8 = 2*h + 4*l, 0 = -4*h + 3*l + l - 32. Let u(a) be the third derivative of 0*a - 1/24*a**4 + 0 + 1/2*a**3 - 4*a**2. Give u(h).
7
Let t(z) = 3*z**3 - 6*z**2 - 4*z - 5. Let m(l) = l**3 - l**2 - l - 1. Let n(x) = 5*m(x) - t(x). Determine n(1).
2
Let l(c) be the second derivative of -5*c**3/6 + c**2/2 + 15*c. Suppose -4*p + 6*b = b + 45, -4*p + 4*b - 44 = 0. Let h = p - -9. Give l(h).
6
Let t(p) = 2*p + 6. Let z be t(-3). Let f(m) = 18*m - 8*m**2 + 1 + z - 2 - 20*m. Calculate f(-1).
-7
Let d(o) = 3*o + 2. Let n(g) = -g - 1. Let s(w) = -6*d(w) - 17*n(w). Let j(m) = 19*m + 4. Let c be j(0). Give s(c).
1
Let a(w) = 4*w**2 + 4*w + 3. Let u be a(-2). Suppose 5*r - 4 = u. Let g(s) = 3*s**2 - 4*s + 3. Calculate g(r).
18
Let n(q) be the third derivative of q**6/120 - q**5/60 + q**4/24 - 13*q**3/3 - 121*q**2. Give n(0).
-26
Suppose -5*w + 11 = -p - 0*p, -p - 2 = 4*w. Suppose 8*t - t - 560 = 0. Let c(o) = 73*o - t*o - o**2 - 3 + 0*o**2. Determine c(p).
3
Let z(h) = h**2 - h - 2. Let c(s) = -s. Let d be c(2). Let i = 2 + d. Suppose -3*y + 2 = -2*y + 2*m, i = 5*m - 5. Calculate z(y).
-2
Let y(t) = t**3 + t**2 - 4*t - 2. Let s be y(-2). Let q(p) =